is b(4)?
-2
Let n(m) = -m**2 + 6*m + 23. What is n(8)?
7
Let o(q) = -q**2 + 25*q - 123. What is o(10)?
27
Let s(n) = n**2 + n - 9. Determine s(-5).
11
Let u(o) = -o - 12. Give u(-9).
-3
Let z(v) = -12*v - 3. Determine z(3).
-39
Let u(o) = 3*o - 116. Calculate u(41).
7
Let i(z) = 2*z + 9. What is i(8)?
25
Let r(w) = w**2 + 13*w + 37. Give r(-11).
15
Let y(s) = -3*s**2 - 2*s + 1. Calculate y(1).
-4
Let p(f) = -f**2 + 5*f - 1. What is p(3)?
5
Let z(s) = s**3 + 2*s**2 - 2*s + 2. Give z(3).
41
Let w(c) = -c**3 + 2*c**2 + 3*c + 5. What is w(4)?
-15
Let i(w) = -34*w + 70. What is i(2)?
2
Let g(v) = -2*v - 12. Determine g(-9).
6
Let w(q) = 3*q - 129. Give w(42).
-3
Let v(o) = -o**3 + 18*o**2 - o + 32. Determine v(18).
14
Let k(z) = -z**2 + 36*z - 28. What is k(30)?
152
Let j(f) = -f**3 - 9*f**2 + 11*f + 22. Give j(-10).
12
Let x(u) = -u**3 + 7*u**2 - 4*u + 3. Determine x(5).
33
Let r(q) = -5*q**2 + 7*q - 7. Calculate r(1).
-5
Let u(q) = 4*q + 77. Give u(-29).
-39
Let x(c) = -c**3 - 9*c**2 + 23*c + 5. Give x(-11).
-6
Let c(j) = -j**2 - 17*j - 47. Determine c(-10).
23
Let d(u) = 3*u + 59. Give d(-21).
-4
Let m(v) = v**3 - 3*v**2 - v - 8. Calculate m(4).
4
Let w(n) = -8*n + 8. Determine w(4).
-24
Let b(h) = -30*h**2 + 540*h + 4. Determine b(18).
4
Let i(y) = -2*y**2 + 62*y - 170. What is i(28)?
-2
Let x(o) = -2*o**2 + o + 4. Calculate x(-2).
-6
Let k(l) = l**2 - 3*l - 3. Give k(6).
15
Let r(c) = 23*c**3 + c**2 + c. Give r(-1).
-23
Let g(d) = 19*d**2 - 4. Determine g(2).
72
Let j(p) = -p**2 + 4*p + 10. What is j(10)?
-50
Let g(s) = 6*s - 5. Calculate g(1).
1
Let k(r) = -r**2 + 16*r + 76. Give k(20).
-4
Let a(h) = h**3 + 28*h**2 - 55*h + 148. Determine a(-30).
-2
Let u(v) = v + 9. Give u(-7).
2
Let n(p) = 45*p**2 - 7*p + 17. Give n(2).
183
Let c(n) = 26*n - 2. Give c(1).
24
Let f(u) = -u**3 - 4*u**2 + 7*u + 13. Calculate f(-5).
3
Let x(j) = -j**2 + 15*j + 128. Calculate x(22).
-26
Let q(f) = -3*f**2 - f - 28. Calculate q(-5).
-98
Let f(v) = 2*v**2 - 18*v - 7. Determine f(10).
13
Let g(w) = -2*w - 118. Calculate g(-15).
-88
Let m(c) = -2*c**2 - 8*c + 3. Calculate m(-6).
-21
Let m(k) = 15*k**3 + 2*k**2 - 1. Calculate m(-1).
-14
Let t(x) = 4*x. Calculate t(-13).
-52
Let k(p) = 2*p - 1. Give k(-9).
-19
Let f(d) = d**3 - d**2 + d. Calculate f(0).
0
Let o(m) = m**2 - 2*m. What is o(-6)?
48
Let y(p) = -p**3 + 5*p**2 + 5. Calculate y(4).
21
Let i(q) = -2*q + 17. Determine i(11).
-5
Let m(l) = l**2 - 16*l - 11. Calculate m(17).
6
Let a(f) = f**2 + 10*f - 4. What is a(-10)?
-4
Let u(g) = 11*g + 2. Give u(-3).
-31
Let n(f) = -14*f + 94. Determine n(7).
-4
Let m(y) = -y**3 - 5*y**2 + y - 2. What is m(-5)?
-7
Let v(b) = -30*b**2 + 2*b - 3. What is v(1)?
-31
Let w(r) = 4*r**2 + 41*r + 2. What is w(-9)?
-43
Let c(o) = o**3 - 3*o**2 - 29*o - 3. Determine c(7).
-10
Let c(g) = 2*g**3 + 7*g**2 - 13*g - 57. Determine c(-4).
-21
Let c(n) = n**2 + 20*n - 46. Give c(-22).
-2
Let a(n) = n**2 + 19*n + 65. What is a(-16)?
17
Let a(z) = -z**2 + 4*z - 13. Determine a(-7).
-90
Let y(o) = 3*o - 19. What is y(8)?
5
Let p(j) = -2*j**2 - 8*j + 35. What is p(-8)?
-29
Let q(v) = 9*v**3 + 2*v**2 + v - 2. Determine q(1).
10
Let c(m) = -m**2 - 3*m + 9. Determine c(-5).
-1
Let m(d) = -d**2 + 7. Give m(-6).
-29
Let l(n) = n - 41. What is l(-34)?
-75
Let t(g) = -2*g - 8. Give t(-3).
-2
Let u(b) = -2*b. Determine u(11).
-22
Let u(g) = -g**2 + 3*g + 9. What is u(-9)?
-99
Let x(l) = -l**3 + 33*l**2 + 106*l + 37. Calculate x(36).
-35
Let t(o) = -3*o + 10. Determine t(7).
-11
Let u(d) = -3*d**2 + 3*d + 2. Give u(3).
-16
Let f(b) = b**3 + 3*b**2 - 12*b - 30. Calculate f(-5).
-20
Let k(n) = n**2 + 16*n. Calculate k(-14).
-28
Let z(t) = -7*t + 6. Give z(-6).
48
Let y(w) = -w**2 + 9*w + 49. Determine y(-10).
-141
Let m(u) = -u**3 + 2*u**2 + 5*u. Determine m(3).
6
Let z(b) = -8*b**2 - 31*b - 1. What is z(-4)?
-5
Let r(x) = -10*x**3 + 1. What is r(1)?
-9
Let t(r) = r**3 - 8*r**2 + r + 22. Determine t(5).
-48
Let p(o) = o**3 - 7*o**2 - 19*o + 17. Determine p(9).
8
Let u(c) = -c**3 + 25*c**2 - 3*c + 74. Determine u(25).
-1
Let y(r) = r**3 + 10*r**2 + 8. Give y(-10).
8
Let p(h) = 3*h + 3. Give p(-11).
-30
Let k(u) = u**2 + 9*u + 2. Calculate k(-7).
-12
Let p(s) = -3*s**3 - 17*s**2 - 13*s - 120. Determine p(-6).
-6
Let u(z) = 2*z**3 + 17*z**2 + 9*z + 16. Determine u(-8).
8
Let j(u) = -2*u**2 - 4*u + 2. What is j(-4)?
-14
Let q(c) = c**3 + 6*c**2 - 15*c + 7. Give q(-8).
-1
Let c(t) = -t**3 - 14*t**2 - 16*t - 5. Determine c(-13).
34
Let c(p) = -13*p + 46. What is c(3)?
7
Let i(l) = l**3 + 9*l**2 + 3*l + 22. Calculate i(-9).
-5
Let j(v) = -v**3 + 18*v**2 + 38*v + 16. Calculate j(20).
-24
Let i(a) = -4*a - 9. Determine i(-2).
-1
Let h(p) = 10*p**2 + 13*p + 12. Give h(-1).
9
Let g(v) = -v**3 - 12*v**2 + 7*v - 2. Determine g(-13).
76
Let a(g) = g**2 + 13*g + 11. Give a(-10).
-19
Let p(d) = -d**2 + 18*d + 135. Determine p(24).
-9
Let s(x) = 34*x**2 - 1. Calculate s(1).
33
Let f(g) = -g**3 + g**2 + 5*g - 6. Give f(2).
0
Let z(i) = i**2 - 26*i + 15. Give z(0).
15
Let k(q) = 2*q**2 + 43*q + 207. Give k(-14).
-3
Let z(t) = -9*t + 16. Determine z(2).
-2
Let j(u) = -u**2 - 5*u + 9. Determine j(-7).
-5
Let x(y) = 4*y + 97. Determine x(-26).
-7
Let g(a) = -a**3 - 25*a**2 - 19*a + 79. Calculate g(-24).
-41
Let z(p) = -p**3 + p**2 - 3*p - 10. Give z(0).
-10
Let d(o) = -6*o - 260. Calculate d(-43).
-2
Let n(l) = -l**2 + l + 8. Calculate n(0).
8
Let m(i) = -6*i - 6. Calculate m(-2).
6
Let l(c) = 8*c**3 + 11*c**2 + 15*c + 3. Calculate l(-1).
-9
Let j(l) = 143*l**3 + 2*l**2 + 3*l + 1. Give j(-1).
-143
Let o(m) = -7*m - 33. Give o(-7).
16
Let w(v) = 2*v**3 + 18*v**2 - 3*v - 22. Calculate w(-9).
5
Let c(q) = -4*q - 16. Calculate c(-6).
8
Let d(n) = -n**2 + 7*n + 4. Give d(7).
4
Let h(m) = -m + 6. Calculate h(7).
-1
Let h(j) = 4*j - 3. Determine h(-8).
-35
Let o(a) = -11*a + 1. What is o(5)?
-54
Let o(m) = 2*m + 45. Give o(-23).
-1
Let v(r) = r**3 + 5*r**2 - 2*r - 10. Calculate v(-5).
0
Let v(m) = m**3 + 4*m**2 + 8*m + 6. Calculate v(-3).
-9
Let c(j) = -53*j - 376. Determine c(-7).
-5
Let r(w) = 3*w**3 + 4*w**2 - 2*w - 9. Determine r(-4).
-129
Let q(c) = -c**3 - 4*c**2 + 3*c - 3. Give q(-4).
-15
Let t(j) = 2*j**2 + 6*j - 8. What is t(0)?
-8
Let a(c) = -c**3 - c**2 + 9*c - 6. Calculate a(0).
-6
Let z(g) = -4*g**2 + 10*g - 24. Determine z(7).
-150
Let x(v) = -2*v**2 + 1. Give x(5).
-49
Let u(k) = -8*k + 3. Give u(5).
-37
Let v(i) = -i + 24. What is v(6)?
18
Let m(t) = 2*t**2 - 19*t - 236. Calculate m(-7).
-5
Let v(x) = -2*x**2 + 6*x - 4. Determine v(8).
-84
Let w(b) = -18*b**2 + 74*b + 9. Determine w(4).
17
Let c(r) = r**3 + r**2 - r - 2. Give c(0).
-2
Let x(f) = f**3 + 9*f**2 - 20*f + 12. Give x(-11).
-10
Let x(c) = 21*c + 4. What is x(-3)?
-59
Let n(y) = y**2 - y + 4. Calculate n(0).
4
Let y(t) = t**3 + 9*t**2 - 11*t - 4. What is y(-10)?
6
Let m(u) = -u - 1. What is m(0)?
-1
Let o(d) = -4*d - 95. What is o(-18)?
-23
Let m(n) = n**2 + 11*n + 9. Determine m(-4).
-19
Let r(p) = p**2 - 3*p - 51. Calculate r(-6).
3
Let d(i) = -42*i - 219. Determine d(-5).
-9
Let f(v) = -2*v**3 + 3*v**2 - 2*v + 3. Determine f(3).
-30
Let r(x) = 7*x - 41. Calculate r(9).
22
Let g(p) = 2*p**3 - p**2 - 6*p - 3. What is g(-2)?
-11
Let b(z) = 8*z**2 - 3*z + 2. Give b(-2).
40
Let m(c) = -c**2 - 13*c + 136. Determine m(7).
-4
Let i(u) = u**2 + 2*u - 6. What is i(-6)?
18
Let i(o) = 12*o + 92. Calculate i(-8).
-4
Let g(j) = -3*j**3 - 2*j**2 - j - 3. What is g(-3)?
63
Let d(q) = -q**3 + 8*q**2 - 16*q + 25. Determine d(6).
1
Let w(b) = b - 13. Determine w(6).
-7
Let q(z) = 2*z**3 - 17*z**2 + 16*z + 35. Give q(7).
0
Let d(v) = v**3 - 12*v**2 + 18*v + 21. Give d(10).
1
Let g(x) = -5*x**2 + x. Give g(-1).
-6
Let g(z) = -10*z + 12. What is g(7)?
-58
Let r(j) = -j**2 + 6*j - 5. What is r(8)?
-21
Let r(u) = u**3 - 7*u**2 - 54*u + 351. Determine r(6).
-9
Let i(h) = 6*h + 2. Determine i(1).
8
Let y(b) = -b**3 + 27*b**2 - 184*b + 31. Give y(14).
3
Let o(n) = n + 15. Calculate o(-10).
5
Let f(o) = o**3 + o**2 + o - 33. What is f(0)?
-33
Let n(q) = q**3 + 5*q**2 + q + 11. Determine n(-5).
6
Let c(l) = -l**2 - 18*l - 31. Determine c(-10).
49
Let d(r) = -r**3 - 5*r**2 - 5*r. Calculate d(-4).
4
Let a(q) = 63*q**3 - q**2 + q. Determine a(1).
63
Let d(o) = o**2 + 21*o + 9. Calcu